{"id":85,"date":"2015-03-21T19:50:40","date_gmt":"2015-03-21T18:50:40","guid":{"rendered":"http:\/\/www.bachmayer.ch\/content\/?page_id=85"},"modified":"2015-03-24T18:32:34","modified_gmt":"2015-03-24T17:32:34","slug":"home","status":"publish","type":"page","link":"https:\/\/www.bachmayer.ch\/content\/","title":{"rendered":"Home"},"content":{"rendered":"<div id=\"pl-85\"><div class=\"panel-grid\" id=\"pg-85-0\" ><div class=\"panel-grid-cell\" id=\"pgc-85-0-0\" ><div class=\"so-panel widget widget_text panel-first-child panel-last-child\" id=\"panel-85-0-0-0\" data-index=\"0\"><h3 class=\"widget-title\">Bilder f\u00fcr James Joyce <\/h3>\t\t\t<div class=\"textwidget\"><p>Tages-Anzeiger, 2004-03-23<\/p>\n<p>Der K\u00fcnstler Aldo Bachmayer , der Bilderzyklen zu Werken von James Joyce geschaffen hat, ist am Samstag gestorben.<\/p>\n<p>Von Fritz Billeter<br \/>\nAldo Bachmayer , 1947 in Samedan geboren, erwarb zuerst ein Architekturdiplom an der ETH Z\u00fcrich, entschied sich aber 1973 f\u00fcr den K\u00fcnstlerberuf. Zun\u00e4chst bev\u00f6lkerte er, in Anlehnung an den Amerikaner Richard Lindner, die Leinwand mit wagnerianischen Damen in grotesken Schminkmasken und Korsetts. Dann fand er zu einer sehr pers\u00f6nlichen Variante der Pop-Art. 1984 zog Bachmayer aus materiellen Gr\u00fcnden mit seiner Familie von Z\u00fcrich nach Balgach SG. Fernab der Kunstszene entwickelte er ein Vorhaben, demgegen\u00fcber sich alles Bisherige als vergn\u00fcgliches Vorspiel ausnimmt.<\/p>\n<p>Der Roman \u00abUlysses\u00bb (1921) von James Joyce wurde sein Kopfkissenbuch. Von 1994 an setzte er ihn in knapp f\u00fcnfj\u00e4hriger Arbeit in einen Zyklus von 120 Bildern um. Ein einziges Mal hatte er Gelegenheit, dieses Ensemble vollst\u00e4ndig auszustellen, 1998 im Palais Liechtenstein in Feldkirch. Bachmayer hat nicht etwa den \u00abUlysses\u00bb illustriert, er hat ihn vielmehr sinnlich anschaubar gemacht, ihn in die dritte Dimension \u00fcberf\u00fchrt. Er hat den Romanfiguren Gesicht und K\u00f6rper verliehen; er hat das 1000-seitige Buch mit den Mitteln der bildenden Kunst interpretiert. Joyce erprobte in seinem Werk die mannigfaltigsten Sprachweisen auf verschiedenen Bewusstseinsebenen: den Strassenslang, das Reden von Bar-Habitu\u00e9s, Journalisten, Intellektuellen, Priestern, das halb bewusste freie Assoziieren im inneren Monolog.Bachmayer setzte dies derart um, dass er einem alle denkbaren bildnerischen Richtungen der letzten 400 Jahre in seinem Zyklus vor Augen bringt: Barock, Klassizismus, Jugendstil, abstrakte Geometrie, Surrealismus, Tachismus, Fotorealismus.<\/p>\n<p>Raffiniertes Spiel<br \/>\nJoyce begleitet in seinem Roman den Inserateakquisiteur Leopold Bloom auf seinen Stadtg\u00e4ngen in Dublin w\u00e4hrend eines 24-Stunden-Tages. Er zeigt ihn als Suchenden und Strauchelnden, als Schw\u00e4tzer und Sch\u00fcrzenj\u00e4ger.Bachmayer , der sich mit Bloom innerlich verwandt f\u00fchlte, treibt ein raffiniertes Spiel mit Umrissfiguren, die er mit Wesensmerkmalen von Bloom, Odysseus, von Joyce selbst, vom eigenen Ich oder in einer zusammengesetzten Gestalt mit Eigenschaften von allen vieren zugleich auff\u00fcllt.<\/p>\n<p>In den letzten Jahren wagte sich Bachmayer an \u00abFinnegans Wake\u00bb von Joyce. Hier vermochte er dem Switchen (sogar im selben Satz) von einer Sprache in die andere mittels digitaler Bildtechniken beizukommen. Seine letzten Bilder erinnern mit ihrem geheimnisvollen Farbleuchten an Hinterglasmalerei. Der grosse Erfolg war Bachmayer nicht beschieden; daf\u00fcr war er zu sehr Lokalmatador. Doch die Zeit wird kommen, in der man ihn als einen der bedeutendsten K\u00fcnstler seiner Generation erkennen wird.<\/p>\n<\/div>\n\t\t<\/div><\/div><\/div><div class=\"panel-grid\" id=\"pg-85-1\" ><div class=\"panel-row-style-wide-grey wide-grey panel-row-style\" style=\"background-color:#494949;background-color: #494949; padding-left: 1000px; padding-right: 1000px;\" ><div class=\"panel-grid-cell\" id=\"pgc-85-1-0\" ><div class=\"so-panel widget widget_text panel-first-child panel-last-child\" id=\"panel-85-1-0-0\" data-index=\"1\"><div style=\"background-color:#494949;\" class=\"panel-widget-style\" ><h3 class=\"widget-title\">   <\/h3>\t\t\t<div class=\"textwidget\">  \n  \n  \n  \n  \n  \n  \n  \n  <\/div>\n\t\t<\/div><\/div><\/div><\/div><\/div><\/div>","protected":false},"excerpt":{"rendered":"<p>Bilder f\u00fcr James Joyce Tages-Anzeiger, 2004-03-23 Der K\u00fcnstler Aldo Bachmayer , der Bilderzyklen zu Werken von James Joyce geschaffen hat, ist am Samstag gestorben. Von Fritz Billeter Aldo Bachmayer , 1947 in Samedan geboren, erwarb zuerst ein Architekturdiplom an der ETH Z\u00fcrich, entschied sich aber 1973 f\u00fcr den K\u00fcnstlerberuf. Zun\u00e4chst bev\u00f6lkerte er, in Anlehnung an [&hellip;]<\/p>\n","protected":false},"author":1,"featured_media":0,"parent":0,"menu_order":0,"comment_status":"closed","ping_status":"open","template":"home-panels.php","meta":{"footnotes":""},"class_list":["post-85","page","type-page","status-publish","hentry","post"],"_links":{"self":[{"href":"https:\/\/www.bachmayer.ch\/content\/wp-json\/wp\/v2\/pages\/85","targetHints":{"allow":["GET"]}}],"collection":[{"href":"https:\/\/www.bachmayer.ch\/content\/wp-json\/wp\/v2\/pages"}],"about":[{"href":"https:\/\/www.bachmayer.ch\/content\/wp-json\/wp\/v2\/types\/page"}],"author":[{"embeddable":true,"href":"https:\/\/www.bachmayer.ch\/content\/wp-json\/wp\/v2\/users\/1"}],"replies":[{"embeddable":true,"href":"https:\/\/www.bachmayer.ch\/content\/wp-json\/wp\/v2\/comments?post=85"}],"version-history":[{"count":8,"href":"https:\/\/www.bachmayer.ch\/content\/wp-json\/wp\/v2\/pages\/85\/revisions"}],"predecessor-version":[{"id":302,"href":"https:\/\/www.bachmayer.ch\/content\/wp-json\/wp\/v2\/pages\/85\/revisions\/302"}],"wp:attachment":[{"href":"https:\/\/www.bachmayer.ch\/content\/wp-json\/wp\/v2\/media?parent=85"}],"curies":[{"name":"wp","href":"https:\/\/api.w.org\/{rel}","templated":true}]}}